te -22 + -34 - (42 - 47).
-51
(-72 - -28 - -24 - -27) + 22 + -2
27
Calculate 77 - (-40 - -38 - -49).
30
Calculate (5 - -1) + (8 - -4) + (-363 - -373).
28
Calculate 12 - (28 - (-130 - -132 - (6 - 1))).
-19
Calculate -3 + (-81 - -66) + 40 + 2.
24
Calculate -14 - (-8 - (-15 + (10 - -21))) - 49.
-39
What is 65 + -83 + 0 + 119?
101
What is (-7 - -12 - 8) + (-18 - (2 + -25))?
2
23 + (17 + -37 + 37 - 84)
-44
What is the value of -65 + (-5 + 2 - -161)?
93
What is 4 - ((-17 - (-21 - -18)) + 56)?
-38
What is -5 + 15 - (162 - 46 - 146)?
40
What is -50 - (19 + -17 - -18 - (-5 - -17))?
-58
What is the value of -49 - -71 - 50 - -3?
-25
What is the value of 153 + -235 + -53 + 30?
-105
What is the value of (7 - (-26 - -55)) + 42 + (-4 - -10)?
26
What is (-6 + (-25 - -4) + 40 - 83) + (1 - 2)?
-71
What is (-1 - -3) + 58 + (9 - (0 + 12)) + 0?
57
-105 + (-11 + 3 - -2) + (12 - (-12 + 18))
-105
What is 31 + -10 + -22 + -71?
-72
What is the value of (-29 - -30 - 8) + -50 - (9 + 1 + -2)?
-65
What is (-27 - -141) + -169 - 53?
-108
Calculate -10 - (-19 + 0 + -5 + 3 + 8 + 3).
0
What is the value of -129 + 43 + -53 - (7 + (-11 - -6 - -8))?
-149
Evaluate 3 - 2 - 0 - (639 + -653).
15
What is the value of 10 - (-8 - (3 + -21) - (-26 + -4))?
-30
Calculate -10 - (-9 - ((-17 - -13) + -7) - 50).
38
What is the value of (-1 - 4) + (-138 - (-155 + 23))?
-11
Calculate -55 + -2 + 2852 + -2792.
3
What is the value of -982 + 1038 + (-4 - -3) + (1 - (-10 - -1))?
65
What is 1 - (7 - -4 - -6 - 10) - 18?
-24
Calculate (7294 - 7261) + (-1 - -7 - (0 + (0 - 2))).
41
Calculate -9 + -23 - (-14 - -6) - -12 - (-8 - 15).
11
What is the value of 9 + -34 + 5 + 37 + -71?
-54
1 + 0 - (-16 + 34 + 4 + -95) - 5
69
Evaluate 8 - (1 + (16 - 11) - -23 - -11).
-32
What is 36 - (-58 + 78 - (-23 + -2))?
-9
Evaluate 50 + (-15 - (5 - (-21 + 30))).
39
Evaluate -57 - (30 - 26) - -107.
46
What is -12 - (-38 + (-21 - -69)) - -104?
82
What is the value of -41 + 41 + -131 - -160?
29
(-64 + 0 - 3) + -3 + (19 - (9 - -2))
-62
-29 + 27 + -4 + 58 + -66
-14
What is the value of 74 + -88 + 36 - -39?
61
What is the value of -74 - (-1 - 1) - ((-42 - -1) + 53)?
-84
What is the value of -26 - (22 + -95 + 42)?
5
What is -1 + 9 + 0 + -69 + -148 + 221?
12
What is -13 - (14 + -16 - 14) - 66?
-63
Calculate -40 + (66 - 122 - -130).
34
-1 + 124 + 0 + (-191 + 3 - -171)
106
What is the value of (11 + (-8 - (7 + -5)) - 1) + 42?
42
Evaluate (-110 - (18 - 81)) + 117.
70
Calculate (-20 - -9) + 59 + -11.
37
What is (33 - 57) + (2 - -84) - -2?
64
(-5 + 3 + 0 - -2) + (165 + -40 - -14)
139
Evaluate -31 - ((-18 + 27 - 11) + (-1 - -3)).
-31
Evaluate -8 + -63 - (-35 + -46 + 53 + 20 + -2).
-61
What is (8 - (-8 - -7)) + (-125 - -120) + -19?
-15
Calculate (-22 - 2 - 2) + -97 + 113 + (-20 - 6).
-36
Calculate -43 - ((-63 - 37) + 106).
-49
Calculate 1 + 39 + -1 + -6 + (-522 - -528).
39
Calculate -9 - (-193 + 185 + -1 + 26 - -10).
-36
Evaluate 15 + -10 + (28 + -32 - (-1 + 10)) + 50.
42
What is -924 + 901 + -6 + -4 + -8?
-41
-18 + -81 + 27 + 32 + -75
-115
What is the value of 20 + (13 - 31) - (-9 + 14 + -13)?
10
What is the value of 16 + -8 + 5 + 2 + 33 + -19?
29
Evaluate 2 - 32 - (9080 - 8983).
-127
-16 + -10 + -33 - -36 - (-1 - 0)
-22
What is the value of -76 - (69 + -94) - -65?
14
What is 207 + -220 + (-4 + 1 - (-5 + 3)) + -3?
-17
What is -11 + -84 + 71 + -44?
-68
Calculate (-164 - -158) + (2 - -1 - -64).
61
Calculate 2 - (-4 - 2) - ((3 - 14) + 1 + 0).
18
What is 1 + -15 + (-561 - -680)?
105
What is the value of 13353 + -13344 + (22 + -2 + 3 + 1 - 2)?
31
(-133 - -74) + 113 + -29
25
Evaluate (-2 - -2 - (-5 + -4)) + 4 + 28.
41
Calculate -9 + 57 + 11 + -41.
18
(61 + -21 - 52) + 27 - -66
81
Calculate (-1321 - -1294) + 55 + -2.
26
Evaluate 30 - 103 - -93 - 20.
0
Evaluate (-1 - -56) + 20 + -19 + (15 - (-5 - -25)).
51
Calculate 1 + -6 + (0 + 0 - (-372 - -369)) + 99.
97
What is 0 + -3 - 1 - -49 - (184 + -177)?
38
(3 - -206) + 4821 + -4938
92
What is 63 - (228 - (71 - 39))?
-133
-48 + (2 - 2) + -3 + (7 - (21 - 15))
-50
Calculate 4 + -2 + -106 + 83 - 19.
-40
Calculate -103 + 108 - (-2 + -2 + (-3 - (4 - 6))).
10
What is the value of 7 + 39 + 725 + -781?
-10
What is 10 + -11 - 33 - (-11 + (-1 - -10))?
-32
What is 2 + -9 + 64 + (-10 - -29) + -12?
64
Calculate (36 - (12 - (-8 + -23))) + 10.
3
(3 - 13) + 7 + 34 + -6 + -3
22
Evaluate -18 - 14 - -17 - (-33 - 0).
18
Evaluate (-136 - -133) + (-1 - -1) + -1 + 7 + -19.
-16
Calculate 12 + -17 + 4 + 5 + -11 - 8.
-15
Calculate 88 + -75 - (5 + -6 + -39) - 1.
52
Evaluate 1 + -12 + 3 - (-34 - (-1 + 3 - 0)).
28
What is the value of 1774 + -1772 + (-46 + -2 + -1 - 3)?
-50
63 + (-1 - -2) - (-19 + -98 - -118)
63
-109 + -4 + (-4 + -1 - -4) + 6 - 2
-110
-49 + -5 + -2 - -15
-41
What is -24 + -2 + 12 - (0 - 9) - 26?
-31
Evaluate (-2 + 3 + 10 - (-65 - 26 - -98)) + -2.
2
0 - (-80 + 72 + 14 + (-3 - -2))
-5
Evaluate -8 + -48 - (-104 + -1).
49
What is the value of 35 + (20 - 22) + -80?
-47
Calculate 9 + (56 + -40 - 10 - (-1 - (0 + -2))).
14
What is -5 - (1 + 2 - (-58 - (-46 - 12)) - 64)?
56
Evaluate 94 - (17 - -85) - (2 - -82).
-92
Evaluate 50 + -121 - -46 - (5 + (-18 - -1)).
-13
What is 67 + (12 - 56 - (-53 - -30))?
46
What is the value of 42 - 2 - ((-59 - -81) + (-9 - 3))?
30
What is the value of -41 - (-10 + (-12 - -5 - (9 + -3 + -29)))?
-47
Evaluate -143 + (-15 - (-22 + -22 - -17)) + 19.
-112
(32 + -16 - (48 - 22)) + (-2 - 0 - -110)
98
(-26 - (63 + -21)) + 72
4
Calculate (4 - -3) + -19 + -42 + 15.
-39
What is 16 + (2 - 119 - -38) + 8?
-55
Calculate 11 - ((-10 - (10 - 17)) + (77 - -1)).
-64
Calculate -54 + (76 - 19) - (-5 - -54).
-46
What is the value of (-4 - (-2 - 3 - -2) - -33) + (-232 - -230)?
30
Evaluate 18 + -158 + 126 - (52 + 0).
-66
48 + (10 - (5 - 2) - (0 + -3 + 12))
46
Evaluate 3111 + -3172 - ((1 - 1) + (2 - 1) + 6).
-68
622 - 660 - (-3 - 68)
33
What is the value of 15 - (15 + -6 + -48)?
54
What is the value of 2 + -14 + (27 + -20 + 10 - 17)?
-12
What is the value of -371 + 138 + 265 + (-1 - -55)?
86
Evaluate 123 + -1 + -184 + 292 + -81.
149
What is -2 + 7 + (26 - 23 - -22 - 79)?
-49
Calculate (-26 - (17 - 29)) + (-82 - (0 - 4)).
-92
What is 2 + 0 - ((-1 - 5) + 0) - (26081 + -26052)?
-21
Evaluate -36 - (-45 - -3) - 4.
2
Calculate 4 + (11 + -7 + 2 - (5 + 2)).
3
90 + -20 + -28 + (109 - 103)
48
What is (-60 - -89 - -1) + -79?
-49
Calculate 1 + 9 - (59 - (1 + (2 - 10) - -4)).
-52
Evaluate (-119 + 5 - 0 - 4) + (22 - 32) + 25.
-103
What is -96 + 84 + (0 - 13) + -6?
-31
What is the value of (151 - 93) + -10 + (6 - -2)?
56
Evaluate -66 + 27 + -8 - -47.
0
Evaluate -35 + (95 - 33) - 35.
-8
Calculate -3897 + 3930 + 3 + 6 + 1 + -4.
39
-3 + (0 - 34) + (-25 + 8 - (-10 + -3))
-41
What is the value of 56 - (-56 - 15 - -179)?
-52
Evaluate 694 + -803 + (3 - (-1 - 9)) - 5.
-101
(1 - (-1 - -48)) + -5929 + 5931
-44
What is 26 + 72 - (15 - (-20 + 9))?
72
Calculate -30 + -7 + 15 - (1 + 16).
-39
What is the value of 18 - (4 + (4 + -19 - -19) + 84)?
-74
What is 56 + (-70 - -37 - 1)?
22
Evaluate ((12 + -23 - -40) + -16 - -41) + (0 - 1).
53
Evaluate -7 + 18 + 1 + 48 - -5 - 2.
63
-128 + 36 + 119 - -93
120
What is the value of 143 + -10 + -165 + (149 - -1)?
118
What is 3 + (6 - (3 + -3 - -8)) - 0?
1
What is the value of (-46 - (0 + -9)) + 5 - -9?
-23
Evaluate 28 - (-53 - -108) - -76.
49
Calculate -8 - ((11 - -2) + -27) - 37.
-31
What is (-3 - 17) + (-1 + 56 - (376 - 403))?
62
-7 + (-6 - -25) - (24 + 60)
-72
Evaluate (-1 - (-24 - -33)) + -20 + -77.
-107
What is the value of 39 + -26 + (29 - (0 + -2 - 11))?
55
Calculate -21 + (8 + -15 - 7 - 0) + 86.
51
What is the value of (447 - 529) + (-2 - -1) + (-2 + -2 - 4)?
-91
Calculate 0 + 50 + -124 - -31.
-43
What is the value of -4 + -10 - 4 - (51 + -21 + -31)?
-17
What is (-2 - -5) + (103 - (15 + 15)) + -25?
51
Calculate -1 + 7 - ((-20 + 11 - 0) + -30).
45
What is the value of (1 - -28) + ((31 - 28) + -6 + -2 - -8)?
32
What is the value of (10 - ((6 - (5 - 11)) + -41)) + -11 - -10?
38
Evaluate -2 + 2 - 13 - (-37 + -53).
77
-10 + -1 - (-24 + (31 - 19)) - (6 - 11)
6
What is -5 + 33 + (132 - 124)?
36
Evaluate 56 + (27 - (138 + 1)).
-56
62 + -62 - (-36 + 127)
-91
11 + -2 - (38 + -25 - 33)
29
Evaluate (-18 - -40) + -8 + -24 + 46.
36
What is the value of 58 + (7 - 13) - (-21 + 12 - (0 - 2))?
59
Calculate -37 - -42 -